pose -2*j - 13 = 5*s - 6*j, -2*j = 6. Let l be (s + 5)/((-4)/(-2)). Suppose m + m - 80 = l. Calculate the greatest common factor of 8 and m.
8
Let c(j) = j**2 + 7*j - 6. Let o be c(-8). Let i be (2/o)/((-1)/(-5)). What is the greatest common divisor of i and 55?
5
Suppose 0 = n - 9*n + 144. Calculate the highest common divisor of 45 and n.
9
Let s be 2 + 40 - (1 + -4). What is the greatest common divisor of s and 30?
15
Suppose 5*i - 5 = -3*y - 2*y, -2*y + 2 = 4*i. Suppose 2*x + 3*s + 0*s - 16 = i, 0 = -5*x - 5*s + 30. What is the highest common factor of x and 18?
2
Let g be (-4)/24 - 62/(-12). Suppose -405 = -g*j + 200. What is the greatest common factor of 11 and j?
11
Suppose -5*r + y = -279, 0 = 2*r + 5*y - 4*y - 106. Calculate the greatest common factor of 33 and r.
11
Let y be (-180)/8*((-29)/5 + 5). Let b(z) = 2*z**3 - 3*z**2 - z + 3. Let x be b(3). Calculate the highest common factor of x and y.
9
Let r(t) = -8*t**3 + 2*t**2 + 5*t - 2. Let u be r(-4). Suppose 2*i + i - u = 0. Suppose -5*g + i - 24 = 0. Calculate the highest common divisor of 75 and g.
15
Suppose 20 = f - 3*v, 3*v + 1 - 3 = -f. Calculate the highest common divisor of f and 99.
11
Suppose 20 = -5*u, -2*h - 3*u + 3 = 9. Suppose 0 = h*x - 77 + 14. Calculate the greatest common divisor of 14 and x.
7
Suppose -2*n - 5946 = 3*y + n, -4*y - 3*n - 7931 = 0. Let c be y/(-15) + 1/(-3). What is the highest common factor of c and 12?
12
Let z = -4 + 1. Let s be z/7 - (-198)/21. What is the highest common divisor of s and 1?
1
Let j(q) be the second derivative of q**4/12 - 5*q**3/6 - 7*q**2/2 + q. Let i be j(7). What is the highest common factor of 21 and i?
7
Suppose -5*t + 54 + 1 = 3*b, b + 35 = 5*t. Let p(z) = -23*z - t*z - 4*z. Let f be p(-1). What is the greatest common factor of 14 and f?
7
Suppose 0*d + d - 319 = -4*i, 0 = i - 2*d - 82. What is the greatest common divisor of 20 and i?
20
Let p be 10/4 - 1/(-2). Suppose 9 = 3*r - p. Suppose -r*h = -3*w + 14, -w + 3*h - 3 = -1. Calculate the highest common divisor of w and 1.
1
Let j(d) = -4*d - 1. Let i be j(-1). Suppose 3*w + 5*u - 76 = 133, -4*w + 264 = i*u. What is the greatest common factor of 7 and w?
7
Let t be (-2)/((-8)/44) + -1. Calculate the highest common factor of 10 and t.
10
Let j(i) = -16*i - 3. Suppose -8*n - 15 = -3*n. Let c be j(n). What is the greatest common factor of c and 18?
9
Let m be 24 - -1 - (-1 + -1). Let s = m - 13. What is the highest common factor of 70 and s?
14
Let k(n) = -2*n + 8. Let m be k(4). Suppose -10 = -2*s + 3*y - 2, s - y - 3 = m. What is the greatest common factor of s and 4?
1
Let b = 138 - 75. Calculate the highest common factor of 9 and b.
9
Let p(a) = 6*a**2 + 9*a + 13. Let n be p(-2). Calculate the highest common factor of 76 and n.
19
Let a(z) = 31*z + 14. Let s be a(6). Calculate the highest common divisor of 25 and s.
25
Let z = 371 - 321. Let u be 1/((-2)/(-25))*6. What is the greatest common factor of z and u?
25
Suppose 5 = 4*o + o. Let p be ((-4)/(-7))/(2/7). Let z = p + o. What is the highest common divisor of 33 and z?
3
Let n(i) = 5*i - 25. Let a be n(14). Calculate the greatest common factor of 9 and a.
9
Suppose 8 + 13 = d. Let l = -54 + 57. What is the highest common factor of d and l?
3
Let w(m) = -3*m + 1. Let u = -2 + 0. Let v(b) = 4*b - 2. Let s(a) = u*v(a) - 3*w(a). Let o be s(4). Calculate the highest common divisor of o and 45.
5
Let m = 134 + -2. Let s(h) = h**2 - h + 12. Let g be s(0). What is the greatest common factor of g and m?
12
Let y(n) = -n**3 - 9*n**2 - 8*n + 2. Let v be y(-8). Let d be (v/(-6))/(6/18). Let h be 135 - 6/(1 - d). Calculate the highest common factor of 12 and h.
12
Suppose -4*g + 444 = 3*o, o - g = 3*g + 164. Calculate the greatest common factor of 19 and o.
19
Let g be (92/(-6))/((-4)/12). Let x be (6 - g)*(-18)/5. What is the greatest common divisor of 18 and x?
18
Suppose 0 = 2*b + 2*a - 72, 140 = 5*b - b + 2*a. Calculate the highest common factor of 119 and b.
17
Let s be 94/18 + 6/(-27). Suppose 0 = -6*g + 2*g + 4. What is the greatest common factor of s and g?
1
Suppose -3*d - 6 = -87. Let b be (-4)/(-18) - (5600/63)/(-5). Calculate the greatest common factor of d and b.
9
Let b be 15 + 0 + -2 + 3. Calculate the highest common factor of b and 8.
8
Let l = -11 - -19. What is the greatest common factor of l and 24?
8
Suppose 0*r + 12 = r. Suppose 4*t - 2*t = -146. Let k = -43 - t. What is the highest common factor of k and r?
6
Let x = -177 + 183. Calculate the highest common divisor of x and 6.
6
Suppose -s + 30 = 2*s + z, -3*s + 30 = 4*z. What is the highest common factor of s and 85?
5
Suppose 4*n = -8*n + 252. What is the greatest common divisor of 3 and n?
3
Let l be 137 - (-10)/(-8 + 3). Calculate the highest common divisor of l and 15.
15
Let f be 2 - (-1)/(3/21). Let x be 82/6 + (-6)/f. Calculate the highest common factor of 104 and x.
13
Let r = -8 + 20. Let p be (-4)/14 - 258/(-21). Calculate the highest common factor of r and p.
12
Let g be ((-30)/4)/(9/(-132)). Let k(i) = 4*i - 2. Let s be k(3). Calculate the highest common factor of s and g.
10
Let u(s) = -s - 3. Let f be u(-4). What is the highest common factor of f and 1?
1
Suppose 2*j = 5*s - 3*j, -5*s = 5*j + 50. Let c(f) = -10*f - 5. Let m be c(s). Calculate the highest common divisor of 5 and m.
5
Let w be ((-108)/(-90))/(2/50). What is the highest common factor of w and 30?
30
Let t be (-1)/(-2) + (-9)/(-6). Suppose 2*k = -t*j + 4*j + 6, -4*k + 12 = 3*j. Calculate the highest common divisor of 12 and k.
3
Suppose -4 = 4*m - 5*m. Let r(j) = j**2 - 3*j + 1. Let o be r(m). What is the highest common factor of o and 25?
5
Let r = -83 - -147. Calculate the highest common divisor of 8 and r.
8
Let a = -11 - -16. Suppose 2*q - 4 = 0, -5*y + a*q = -72 + 12. What is the highest common factor of 70 and y?
14
Suppose -4*m - 4 = 0, 4*a + 17 = -4*m + 77. Let k be (16/6)/((-7)/(-210)). What is the greatest common factor of k and a?
16
Let r(d) = 2*d + 16. Let c be r(0). What is the greatest common divisor of c and 176?
16
Suppose 7*s - 29 - 13 = 0. Calculate the highest common divisor of s and 9.
3
Suppose 130 = 4*b + 34. Suppose -4*o + 18 = -30. Calculate the greatest common divisor of b and o.
12
Let f(u) = -250*u**3 - u**2 + 2*u - 1. Let i be f(1). Let d = i - -421. What is the highest common factor of 19 and d?
19
Suppose 2*z = j - 24, -4*z + 66 = 2*j + z. Suppose 44 + j = 2*f. What is the greatest common factor of 108 and f?
36
Let o(q) = 5*q**2. Let n be 4/((-16)/12) - -4. Let b be o(n). Calculate the highest common divisor of b and 35.
5
Let h = 452 + -247. Calculate the greatest common divisor of 41 and h.
41
Suppose 8*r = -9*r + 153. Let x be 36 - (2 + -3 - -1). Calculate the highest common divisor of x and r.
9
Let d = 6 + 119. What is the highest common factor of d and 50?
25
Suppose 2*u = 2*b + 6, -b + 2*b - 6 = -2*u. Let n be b - (-9)/(-3) - -33. Calculate the greatest common factor of 45 and n.
15
Let i(k) = -k**2 + 7*k + 4. Let r be i(7). Let a(j) = j**3 - 2*j**2 - 6*j + 4. Let f be a(r). What is the highest common factor of 12 and f?
12
Suppose 0 = 2*q + 91 - 7. Let w(u) = -26*u - 2. Let o be w(-4). Let l = q + o. Calculate the greatest common factor of l and 12.
12
Suppose 3*g + 5*x - 4 - 13 = 0, x = -5*g + 65. What is the greatest common divisor of g and 7?
7
Let p be (18/14 - 1)*7. Suppose -2*z + 36 = p*z. Calculate the greatest common factor of 63 and z.
9
Suppose -4*k + 361 - 105 = 0. Calculate the highest common factor of k and 160.
32
Suppose 2 = -4*u + 3*d + 3, 0 = -4*u + 5*d - 1. Let q(s) = -1 + 2*s - 4 + u. Let a be q(3). Calculate the highest common divisor of 14 and a.
2
Let a = -74 + 104. Calculate the highest common factor of 10 and a.
10
Let g(s) = -7*s**2 + 13*s + 11. Let i(k) = 8*k**2 - 14*k - 12. Let f(t) = -7*g(t) - 6*i(t). Let y be f(9). What is the greatest common factor of y and 65?
13
Let i be (3 - -163) + -2 + -2. Let q = 1 - -1. Suppose -5*m = -q*z - 94, -m - 3*z = -5 - 7. What is the highest common factor of m and i?
18
Suppose 3*r = r + 4. Suppose r*c + 3*c - 540 = 0. Calculate the greatest common factor of 12 and c.
12
Let l be (-3)/(-9) + (-68)/(-12). Suppose -3*n = -0*n - 126. Calculate the highest common factor of l and n